hen 68206339 is divided by 113?
104
Calculate the remainder when 28628619 is divided by 18482.
1
Calculate the remainder when 119863661 is divided by 5986.
5983
What is the remainder when 208958 is divided by 8145?
5333
Calculate the remainder when 159271 is divided by 190.
51
Calculate the remainder when 497048 is divided by 1883.
1819
What is the remainder when 2948333 is divided by 5563?
5506
What is the remainder when 14871533 is divided by 437?
423
What is the remainder when 51209767 is divided by 73?
48
What is the remainder when 372530 is divided by 5640?
290
Calculate the remainder when 22247 is divided by 10299.
1649
What is the remainder when 16804 is divided by 4191?
40
What is the remainder when 8336990 is divided by 57?
56
Calculate the remainder when 97054 is divided by 1002.
862
What is the remainder when 1738458 is divided by 309?
24
Calculate the remainder when 346827 is divided by 173392.
43
What is the remainder when 36465565 is divided by 486?
13
Calculate the remainder when 6556478 is divided by 6697.
115
Calculate the remainder when 575334 is divided by 1281.
165
Calculate the remainder when 401476 is divided by 576.
4
Calculate the remainder when 49524519 is divided by 105.
9
What is the remainder when 137656108 is divided by 393?
391
Calculate the remainder when 243031474 is divided by 379.
377
Calculate the remainder when 101008 is divided by 1087.
1004
Calculate the remainder when 302098 is divided by 650.
498
What is the remainder when 380471395 is divided by 86?
85
What is the remainder when 696775013 is divided by 354?
353
Calculate the remainder when 535394 is divided by 11639.
0
What is the remainder when 5471581 is divided by 1346?
91
What is the remainder when 592847 is divided by 15601?
9
Calculate the remainder when 392762997 is divided by 1500.
1497
Calculate the remainder when 77536 is divided by 74744.
2792
What is the remainder when 12435694 is divided by 1279?
1256
What is the remainder when 14275073 is divided by 631?
591
Calculate the remainder when 5496433 is divided by 849.
7
Calculate the remainder when 613220 is divided by 613203.
17
What is the remainder when 799844 is divided by 266267?
1043
What is the remainder when 64381489 is divided by 169872?
1
What is the remainder when 69335 is divided by 379?
357
Calculate the remainder when 209287596 is divided by 31293.
12
Calculate the remainder when 120060371 is divided by 255.
251
Calculate the remainder when 571874 is divided by 145.
139
What is the remainder when 690434 is divided by 345052?
330
Calculate the remainder when 32304 is divided by 10658.
330
Calculate the remainder when 13408081 is divided by 119715.
1
What is the remainder when 3283295 is divided by 1194?
989
What is the remainder when 1392118 is divided by 232016?
22
What is the remainder when 6154774 is divided by 5580?
34
Calculate the remainder when 1791758 is divided by 137827.
7
Calculate the remainder when 49220 is divided by 16384.
68
Calculate the remainder when 167105 is divided by 41081.
2781
Calculate the remainder when 236838 is divided by 118328.
182
Calculate the remainder when 46595145 is divided by 92.
89
Calculate the remainder when 201676 is divided by 503.
476
Calculate the remainder when 13827488 is divided by 221.
181
Calculate the remainder when 3629170 is divided by 515.
480
Calculate the remainder when 868804 is divided by 446.
442
What is the remainder when 2903790 is divided by 189?
183
What is the remainder when 8429326 is divided by 910?
906
What is the remainder when 4756742 is divided by 113251?
200
What is the remainder when 3258139 is divided by 414?
373
Calculate the remainder when 10973684 is divided by 1945.
1939
What is the remainder when 299729 is divided by 4473?
38
Calculate the remainder when 86009 is divided by 42999.
11
Calculate the remainder when 86399 is divided by 882.
845
What is the remainder when 148270 is divided by 5858?
1820
What is the remainder when 16616 is divided by 8279?
58
What is the remainder when 158803 is divided by 26425?
253
Calculate the remainder when 278496 is divided by 55694.
26
What is the remainder when 28573415 is divided by 21?
17
Calculate the remainder when 831766228 is divided by 8.
4
Calculate the remainder when 62267083 is divided by 855.
853
Calculate the remainder when 119180 is divided by 39726.
2
Calculate the remainder when 146085 is divided by 1522.
1495
What is the remainder when 541761 is divided by 49250?
11
What is the remainder when 135323 is divided by 13054?
4783
What is the remainder when 8039685 is divided by 3179?
3173
Calculate the remainder when 1475887 is divided by 166.
147
What is the remainder when 1868672 is divided by 457?
456
Calculate the remainder when 123944111 is divided by 87.
83
What is the remainder when 373946 is divided by 61?
16
Calculate the remainder when 1016108300 is divided by 48.
44
Calculate the remainder when 108660746 is divided by 750.
746
Calculate the remainder when 252856 is divided by 1670.
686
What is the remainder when 706888987 is divided by 32?
27
Calculate the remainder when 14790 is divided by 4911.
57
Calculate the remainder when 64151 is divided by 16006.
127
What is the remainder when 132967 is divided by 14769?
46
Calculate the remainder when 1046875 is divided by 360.
355
What is the remainder when 39833201 is divided by 108?
101
Calculate the remainder when 289007 is divided by 1173.
449
What is the remainder when 11057400 is divided by 5528658?
84
Calculate the remainder when 10555193 is divided by 3518377.
62
What is the remainder when 10936099 is divided by 1562289?
76
Calculate the remainder when 263171 is divided by 81.
2
Calculate the remainder when 4473841 is divided by 23.
19
Calculate the remainder when 10137584 is divided by 1720.
1624
Calculate the remainder when 6476728 is divided by 2158906.
10
Calculate the remainder when 937330 is divided by 5264.
338
What is the remainder when 6054984 is divided by 1565?
1564
What is the remainder when 27645 is divided by 341?
24
What is the remainder when 2492036 is divided by 1798?
8
Calculate the remainder when 16057 is divided by 2003.
33
Calculate the remainder when 56829 is divided by 131.
106
Calculate the remainder when 375831 is divided by 75139.
136
Calculate the remainder when 3017660 is divided by 263.
261
Calculate the remainder when 121072 is divided by 558.
544
What is the remainder when 157521 is divided by 5?
1
What is the remainder when 1937032 is divided by 33?
31
What is the remainder when 952945 is divided by 4274?
4117
What is the remainder when 5760200 is divided by 2896?
56
What is the remainder when 1468745 is divided by 18?
17
What is the remainder when 2002023 is divided by 1285?
1278
Calculate the remainder when 98248 is divided by 19.
18
What is the remainder when 3258743 is divided by 8?
7
What is the remainder when 17189 is divided by 14575?
2614
What is the remainder when 985574 is divided by 698?
696
What is the remainder when 15733691 is divided by 5244533?
92
What is the remainder when 46813468 is divided by 2824?
20
Calculate the remainder when 66862 is divided by 288.
46
Calculate the remainder when 5135833 is divided by 11.
10
What is the remainder when 15181017 is divided by 10?
7
What is the remainder when 6602866 is divided by 2233?
2118
What is the remainder when 2021200 is divided by 167?
166
Calculate the remainder when 58325699 is divided by 597.
590
What is the remainder when 8515029 is divided by 422?
335
Calculate the remainder when 97474 is divided by 10828.
22
Calculate the remainder when 1927115 is divided by 1925852.
1263
What is the remainder when 1054241 is divided by 507?
188
What is the remainder when 9233046 is divided by 126480?
6
Calculate the remainder when 48975794 is divided by 24487897.
0
Calculate the remainder when 3764122 is divided by 81.
52
Calculate the remainder when 3154201 is divided by 6917.
49
What is the remainder when 284849 is divided by 30?
29
Calculate the remainder when 10697370 is divided by 380.
370
What is the remainder when 506712 is divided by 555?
552
What is the remainder when 2204477 is divided by 438?
23
What is the remainder when 480243 is divided by 59952?
627
Calculate the remainder when 166217 is div